d 93?
3
Calculate the highest common factor of 110 and 88.
22
Calculate the highest common factor of 60 and 150.
30
What is the greatest common factor of 11 and 5016?
11
Calculate the greatest common factor of 36292 and 516.
172
What is the highest common divisor of 75 and 3975?
75
Calculate the greatest common factor of 49 and 49.
49
What is the highest common divisor of 185 and 296?
37
What is the highest common divisor of 60 and 70?
10
Calculate the greatest common factor of 16614 and 234.
234
What is the highest common divisor of 442 and 1122?
34
What is the greatest common divisor of 27 and 11331?
9
Calculate the greatest common factor of 62 and 155.
31
What is the highest common divisor of 572 and 44?
44
What is the greatest common factor of 81 and 15?
3
Calculate the greatest common divisor of 127 and 9271.
127
What is the greatest common factor of 5 and 422?
1
What is the highest common factor of 20 and 13220?
20
What is the highest common factor of 2331 and 63?
63
What is the highest common divisor of 27960 and 15?
15
What is the highest common divisor of 16 and 664?
8
What is the highest common factor of 19 and 1406?
19
What is the highest common factor of 6438 and 1914?
174
What is the greatest common divisor of 28 and 64?
4
What is the greatest common factor of 570 and 1824?
114
Calculate the highest common divisor of 192 and 256.
64
Calculate the highest common divisor of 1276 and 88.
44
Calculate the highest common divisor of 30 and 28065.
15
What is the greatest common factor of 65 and 130?
65
Calculate the highest common factor of 81 and 3.
3
What is the highest common factor of 24 and 384?
24
Calculate the greatest common divisor of 30 and 1524.
6
What is the greatest common factor of 28 and 28?
28
Calculate the highest common divisor of 312 and 384.
24
Calculate the highest common factor of 585 and 117.
117
What is the greatest common divisor of 319 and 88?
11
Calculate the highest common factor of 320 and 150.
10
Calculate the highest common factor of 40 and 620.
20
What is the greatest common factor of 24 and 24?
24
Calculate the highest common divisor of 56 and 126.
14
Calculate the highest common factor of 320 and 70.
10
Calculate the highest common divisor of 80 and 500.
20
Calculate the highest common divisor of 231 and 189.
21
Calculate the greatest common divisor of 1130 and 6554.
226
What is the highest common factor of 960 and 8520?
120
Calculate the highest common divisor of 90 and 19410.
30
What is the greatest common divisor of 61 and 6283?
61
What is the greatest common divisor of 3100 and 50?
50
Calculate the highest common factor of 115 and 529.
23
Calculate the highest common divisor of 66 and 1639.
11
What is the greatest common factor of 216 and 1416?
24
What is the greatest common divisor of 172 and 387?
43
What is the greatest common factor of 209 and 1287?
11
Calculate the greatest common divisor of 43 and 128.
1
Calculate the highest common factor of 693 and 42.
21
What is the highest common factor of 2800 and 112?
112
Calculate the greatest common factor of 15 and 47445.
15
Calculate the greatest common divisor of 231 and 957.
33
What is the greatest common divisor of 385 and 308?
77
Calculate the greatest common factor of 99 and 660.
33
What is the greatest common divisor of 4272 and 48?
48
What is the greatest common factor of 6 and 266?
2
Calculate the highest common factor of 119 and 17.
17
What is the greatest common divisor of 1316 and 56?
28
Calculate the greatest common divisor of 1924 and 148.
148
What is the highest common divisor of 442 and 34?
34
What is the greatest common divisor of 68 and 17?
17
What is the greatest common factor of 68 and 408?
68
What is the greatest common factor of 445 and 1246?
89
Calculate the highest common factor of 14 and 84406.
14
What is the highest common divisor of 94 and 611?
47
What is the highest common divisor of 30 and 282?
6
What is the greatest common factor of 590 and 20?
10
Calculate the highest common factor of 108 and 1668.
12
What is the highest common divisor of 15 and 470?
5
What is the greatest common factor of 253 and 2231?
23
What is the highest common divisor of 435 and 345?
15
Calculate the greatest common factor of 299 and 92989.
299
Calculate the highest common divisor of 600 and 615.
15
What is the highest common factor of 394 and 58706?
394
Calculate the highest common factor of 28 and 24.
4
What is the highest common factor of 185 and 5?
5
What is the greatest common divisor of 692 and 7093?
173
Calculate the highest common divisor of 876 and 36.
12
Calculate the greatest common divisor of 121 and 99.
11
What is the highest common divisor of 2919 and 63?
21
Calculate the greatest common divisor of 2828 and 909.
101
What is the highest common divisor of 60 and 780?
60
What is the greatest common divisor of 52 and 1430?
26
Calculate the highest common divisor of 34857 and 27.
27
Calculate the greatest common factor of 1253 and 7.
7
Calculate the highest common divisor of 192 and 1272.
24
What is the highest common factor of 551 and 58?
29
What is the greatest common divisor of 3192 and 8?
8
Calculate the highest common divisor of 144 and 11574.
18
What is the highest common factor of 182 and 69706?
182
What is the highest common divisor of 35 and 47390?
35
Calculate the highest common divisor of 34 and 1054.
34
What is the greatest common divisor of 60 and 684?
12
What is the highest common divisor of 39 and 351?
39
What is the highest common divisor of 3542 and 308?
154
What is the highest common factor of 43 and 1204?
43
What is the greatest common factor of 800 and 150?
50
What is the greatest common factor of 2448 and 624?
48
Calculate the greatest common divisor of 448 and 128.
64
What is the highest common divisor of 4 and 1790?
2
Calculate the greatest common divisor of 8 and 6.
2
What is the greatest common divisor of 1078 and 784?
98
What is the greatest common factor of 570 and 45?
15
What is the highest common factor of 189 and 861?
21
Calculate the highest common factor of 106 and 265.
53
What is the highest common divisor of 112 and 2128?
112
Calculate the highest common divisor of 140 and 8740.
20
What is the greatest common divisor of 4 and 16?
4
Calculate the greatest common factor of 1958 and 22.
22
Calculate the highest common factor of 432 and 4698.
54
Calculate the greatest common factor of 1475 and 177.
59
Calculate the highest common divisor of 5156 and 16.
4
What is the highest common divisor of 30 and 3090?
30
What is the greatest common factor of 24901 and 37?
37
Calculate the greatest common factor of 3 and 151.
1
Calculate the greatest common divisor of 8 and 1048.
8
What is the greatest common divisor of 56 and 104?
8
What is the greatest common factor of 1054 and 306?
34
What is the greatest common factor of 10 and 8?
2
Calculate the greatest common factor of 7248 and 1359.
453
What is the greatest common divisor of 2950 and 50?
50
Calculate the highest common divisor of 1560 and 39.
39
What is the highest common divisor of 224 and 2?
2
Calculate the greatest common divisor of 63 and 5628.
21
What is the greatest common divisor of 1703 and 655?
131
What is the greatest common divisor of 626 and 6?
2
What is the greatest common factor of 60038 and 22?
22
Calculate the highest common factor of 252 and 224.
28
What is the greatest common factor of 55 and 55?
55
What is the greatest common divisor of 84 and 60?
12
What is the greatest common factor of 35 and 301?
7
Calculate the greatest common divisor of 114 and 762.
6
What is the greatest common factor of 7 and 112?
7
What is the greatest common divisor of 242 and 44?
22
Calculate the greatest common factor of 96 and 14528.
32
What is the highest common factor of 3002 and 19?
19
Calculate the highest common divisor of 538 and 8.
2
Calculate the greatest common factor of 931 and 209.
19
What is the highest common divisor of 176 and 220?
44
What is the greatest common divisor of 580 and 50?
10
What is the greatest common divisor of 110 and 121?
11
Calculate the highest common divisor of 572 and 182.
26
Calculate the greatest common divisor of 2815 and 5.
5
What is the greatest common divisor of 100 and 220?
20
Calculate the greatest common divisor of 43850 a